 4). What are the prime factors of (-1 - b/6)*6?
3
Let x be 6/4 - 2/(-4). Let m(h) = x*h**3 - 3*h**3 + 2*h + 4*h**2 + 2*h**3. What are the prime factors of m(-3)?
3
Let a = -4 - -9. Suppose a*z - 20 = 2*n, 3*z = 5*n + 12 + 19. Suppose 19 = 4*w - 5*u, -z*u - 2*u + 9 = -w. List the prime factors of w.
11
Suppose 2*y + 132 = 2*n - 8, y - 152 = -2*n. List the prime factors of n.
2, 37
Suppose 3*i - 4 = 2. Suppose -3*v - 4 = -v + 2*x, 4*v - 5*x - 28 = 0. Suppose -b + 11 = -0*k + v*k, -10 = -k - i*b. List the prime factors of k.
2
Let v be (6/8)/((-12)/48). What are the prime factors of v/2 - (-285)/10?
3
Let u(j) = 87*j + 6. Let f be u(2). Suppose -f - 15 = -5*d. List the prime factors of d.
3, 13
Let s = 84 + 11. List the prime factors of s.
5, 19
Let b(q) = q**2 + q + 1. Let d(r) = r**3 + 3*r**2 - r. Let t be 6/4*(0 + -2). Let y be d(t). List the prime factors of b(y).
13
Suppose 0*i = -i + 24. Suppose -4*u - w = 13, w + w - 10 = 4*u. List the prime factors of ((-16)/i)/(1/u).
2
Suppose -8*g + 1329 + 1351 = 0. List the prime factors of g.
5, 67
Suppose -7*b = -0*b - 14. Suppose -b*n + 38 = -10. List the prime factors of n.
2, 3
Let m be 1/(3/((-42)/(-1))). Let l = -6 + m. What are the prime factors of l?
2
Let p(f) = f**2 - 5*f + 1. Let b be p(4). What are the prime factors of 2 - 1/(b/9)?
5
Suppose 0 = -5*p + 3*r, -18 = -3*p - 4*r + 11. Let d be (1 + -6)*(0 - 1). Suppose 0 = -2*l - p*g + 6, -4*l + d*g = 6*g - 22. What are the prime factors of l?
2, 3
Let r = 1 - -5. Let d(x) = 3 + 8*x**2 - r*x**2 + x - 4 - 1. List the prime factors of d(-3).
13
Suppose -2*w - 2*y = -y - 37, -3*y = 3. What are the prime factors of w?
19
Suppose 0 + 62 = 2*f. What are the prime factors of f?
31
Let s(g) = g**3 - 16*g**2 + 27*g - 9. List the prime factors of s(15).
3, 19
Suppose -3*g + 35 = 2*g. Suppose -g*k = -2*k - c - 128, -2*c + 108 = 4*k. List the prime factors of k.
2, 13
Let y(z) = -z + 4*z + 1 + 3*z - 5*z. Let t be y(2). Suppose -2*v = t*v - 15. List the prime factors of v.
3
Suppose 3*o - 55 = -2*o - i, 11 = o + 4*i. Suppose 0*p + o = p. What are the prime factors of p?
11
List the prime factors of ((-6)/4)/(4/(-152)).
3, 19
Suppose -4*y + 8 = 3*r, -y - y = -5*r - 30. Suppose -2*t - y*v + 13 = 0, -v - 4*v = 4*t - 51. List the prime factors of t.
19
Let u be (-2)/(-4)*(6 - 2). What are the prime factors of (-7)/u*(-48)/28?
2, 3
Let s(j) = -j - 20. Let p be s(0). What are the prime factors of (-2 - p/12)*-102?
2, 17
Let k(b) = 2*b**3 - 4*b**2 + 3*b - 4. Let t(q) = -q**3 + q**2 + 1. Let i(d) = k(d) + 3*t(d). Let w = -7 - -4. List the prime factors of i(w).
2
Suppose -4*m = 4*k - 2*k - 28, 0 = 5*k + 4*m - 52. Let u = k + -5. Let q(o) = 2*o + 2. What are the prime factors of q(u)?
2
Let f(a) = a. Let v be f(9). Let r = -28 - -48. Let s = r - v. List the prime factors of s.
11
Suppose 0*w - 2*w = -4. Let r(p) = -2*p**2 + 9 - 6*p - p**3 - 2 - 3*p**w - 2*p**2. What are the prime factors of r(-6)?
7
Let p be ((-4)/6)/((-6)/27). Suppose p*m - 20 = -2*m. Let d = 13 - m. What are the prime factors of d?
3
Let f = 108 - 63. Let k = f - 3. What are the prime factors of k?
2, 3, 7
Suppose -5*f + 0*a - 4*a - 28 = 0, 6 = -f - a. Let h be -4*2/f*1. Suppose h*c - 49 + 10 = -3*m, -2*c = -m + 5. What are the prime factors of m?
11
Let w(v) = -v**3 - 5*v**2 - 7*v - 3. Let j be w(-5). Suppose 0*b = -b + j. Suppose b = 5*y - k, 48 - 17 = 4*y + k. What are the prime factors of y?
7
Let d(f) = f**2 - f + 65. Let g be d(0). Suppose -5*u - h - 4*h + g = 0, -2*u + 20 = -h. List the prime factors of u.
11
Let b(n) = 2*n**2 - 2*n**3 - 3*n + n - 3*n + 6*n + 1. List the prime factors of b(-2).
23
Suppose 3*q + 1300 = 8*q. What are the prime factors of q?
2, 5, 13
Let m(c) = c**3 - 6*c**2 - c. Let p be m(6). Let v(q) = q - 5*q**3 - 3*q - 8 + 4*q**3 - 6*q**2. What are the prime factors of v(p)?
2
Suppose 294 = 3*f + 39. Let g = f + -59. What are the prime factors of g?
2, 13
Suppose -32 = -g + 2*g - 3*y, y + 208 = -5*g. Let u = g + 58. List the prime factors of u.
17
Suppose -u - 126 = -4*i - i, 2*u = -i + 23. What are the prime factors of i?
5
Let l(x) = -66*x**3 - 2*x**2 + 2*x + 3. What are the prime factors of l(-1)?
5, 13
Let a(f) = f**2 - 5*f - 4. Let j be a(5). Let n = j - -1. What are the prime factors of 3/(n*(-3)/30)?
2, 5
Let t be -5*(0 + 6/(-10)). Suppose 0 = -3*j + t + 3. List the prime factors of j.
2
Suppose 0*o - o = 2. Let z(u) = -8*u - 3. Let v(x) = 7*x + 2. Let c(y) = -4*v(y) - 3*z(y). What are the prime factors of c(o)?
3
Suppose 0 = j + 4*k - 13, -j + 3*k - 4 = 4. Let z = j - -1. Suppose -z*d + 15 = -5*a + 65, -d = -3*a + 30. What are the prime factors of a?
2, 5
Let s(g) = -g**3 + 11*g**2 + g - 1. Let y be 12 + (3 + -2)*-1. List the prime factors of s(y).
2, 5
List the prime factors of -45*(-8)/6 - -3.
3, 7
Let r be 10/(-3)*(-9)/6. Suppose -15 = -t - 4*t - r*w, -2*t - 3*w = -1. List the prime factors of t.
2
Suppose 0 = 3*s, -4*s = -5*k - 0*k - 20. Let a(x) = -x**3 - 4*x**2 + 3*x + 4. Let r be a(-4). Let c = k - r. What are the prime factors of c?
2
Suppose 3*o = -1 - 8, 0 = -i - 2*o - 12. Let x be 0*3/(i/(-2)). Suppose -c + 11 = -x*c. What are the prime factors of c?
11
Let s(k) = -k**3 - 7*k**2 - 7*k + 5. Let c be s(-6). Let q(v) = 5*v + 6. Let l(g) = 9*g + 11. Let m(d) = c*q(d) - 6*l(d). What are the prime factors of m(5)?
5
Let g = 10 + -20. Let u(a) = -a**2 - 10*a + 2. Let o be u(g). Let m = 8 + o. What are the prime factors of m?
2, 5
Let b(t) = 372*t. What are the prime factors of b(1)?
2, 3, 31
Suppose 10 + 8 = 3*v. Suppose 3*f - 2*f - v = 0. Suppose f = 2*q - 12. What are the prime factors of q?
3
Let v = -3 + 4. Let y(d) = -d + 7. Let o be y(5). List the prime factors of 6 - (1 + (v - o)).
2, 3
Let l be 2 + -1*3 - 2. List the prime factors of ((-5)/l)/(2/6).
5
Let t(k) = -2*k**3 + 11*k**2 - 4*k - 3. Let h be t(5). Suppose -5 = u - h, 4*i + 4*u = 172. What are the prime factors of i?
2, 23
Let k be ((-4)/6)/((-8)/(-36)). Let s be (k/(-6))/((-2)/(-124)). Suppose -4*u + s = 11. List the prime factors of u.
5
Let y(q) = q**2 - 2*q. List the prime factors of y(5).
3, 5
Suppose 0 = -0*k + 5*k - 50. Let n = 22 - k. List the prime factors of n.
2, 3
Suppose 6*i - 56 = 2*i. Suppose -2*b + 3*k + i + 13 = 0, 3*k = -2*b - 3. Let n(a) = 2*a - 4. What are the prime factors of n(b)?
2
Suppose 2*f + 3*t + 34 = 0, 3*t - 66 = 3*f + 15. Let p = f - -41. List the prime factors of p.
2, 3
Let o = 2 - 0. Let a = o + 1. Suppose -8 = -4*s - a*f, -6 = -0*s - 3*s - 3*f. List the prime factors of s.
2
Let u(n) = 4*n**2 - 3*n + 2. List the prime factors of u(-4).
2, 3, 13
Suppose 5*i - 2*p = 3*p + 185, 4*p = 3*i - 112. What are the prime factors of i?
2, 3
Suppose -3*y + 4*v = -5, y + v = -2*y + 10. Let m(l) = -12*l - 2. Let h be m(-5). Suppose t - 1 + 27 = y*u, -5*u + h = 2*t. List the prime factors of u.
2, 5
Let n(m) = m**3 + 3*m**2 - m + 2. Let x be n(-3). Suppose 20 = u - 15. Suppose -4*z - 10 - u = -5*l, x*l - z - 30 = 0. What are the prime factors of l?
5
Suppose -2*h = -2*j - 8, -h = 5*j + 24 + 26. Let x be -34*(0 + 1/(-2)). Let o = j + x. List the prime factors of o.
2
Let w(g) = g**2 - 2*g - 13. List the prime factors of w(-8).
67
Let h = -106 + 151. What are the prime factors of h?
3, 5
Suppose -54 - 15 = -3*w. What are the prime factors of w?
23
Let j(p) = -2*p + 7. Let v be j(5). Let l be (-10)/v*(-12)/(-5). Suppose l = n + 5*s - s, 2*s = 2. List the prime factors of n.
2
Let l = 2 - 2. Suppose 4*p + p - 35 = l. List the prime factors of p.
7
Suppose 630 = -0*j + 7*j. What are the prime factors of j?
2, 3, 5
Let m = -44 - -56. What are the prime factors of m?
2, 3
Let d(h) = -5*h - 2. Let o be d(-3). Let x = 21 - o. Suppose -2*n = -2 - x. What are the prime factors of n?
5
Let o be (2/4)/(3/6). Suppose o = -2*g + 9. List the prime factors of g.
2
Let w(n) = n**3 + 15*n**2 - 22*n - 14. List the prime factors of w(-16).
2, 41
List the prime factors of 46/(2*2/6).
3, 23
Let j be (-2 + (-4)/6)*-6. Let v = 0 + 2. Suppose 0*f = -v*f + j. List the prime factors of f.
2
Let b(x) = -x + 9. Let w be b(7). Suppose -3*j - 9 = 5*m - 21, -4*m = 5*j - 20. Suppose -i + y = -m*i - 8, 2*y = -w*i - 4. What are the prime factors of i?
3
Suppose -4*c = -1 - 15. Suppose 4*d - 26 = -c*r + 6, 